ided by 21?
18
Let g = -11 + 17. Let t(b) = b**2 + 2*b. Calculate the remainder when g is divided by t(-3).
0
Let i = 4 - 1. Suppose -90 = -i*q + 9. Calculate the remainder when q is divided by 12.
9
Calculate the remainder when 684/16 - 1/(-4) is divided by 15.
13
Let x be -2 - (1 - (-4 + -2)). Let h = -5 - x. Suppose -75 = -5*o - 0*o. Calculate the remainder when o is divided by h.
3
Calculate the remainder when 59 is divided by 14/91 - (-206)/13.
11
Let m be (-4)/(-18) + 1928/72. Suppose 0 = 2*f - m + 5. Calculate the remainder when (2 + 0)*(1 + 9) is divided by f.
9
Let n = 14 + -4. Calculate the remainder when 18 is divided by n.
8
Suppose -4*p = 4*y - 524, 0*y + p = 3*y - 401. Suppose 4*f - f + 4*g - 101 = 0, -y = -4*f - 5*g. Calculate the remainder when 105 is divided by f.
24
Calculate the remainder when (-30)/(-4 - -7)*(-18)/5 is divided by 10.
6
Let p(x) = 2*x**3 - 17*x**2 - 7*x - 2. Calculate the remainder when (-47)/(-2 + (-1)/(-1)) is divided by p(9).
15
Suppose -5*x + 0*c = 4*c + 10, 14 = 2*x - 2*c. Suppose -5*a + 75 = 5*s, 0 = -5*a + x*s + 56 + 40. Calculate the remainder when 34 is divided by a.
16
Let y(r) = 4*r - 7. Let o be y(3). Suppose -o*b + 8*b = 12. Calculate the remainder when 5 is divided by b.
1
Suppose z + 4*j + 2 = 0, z - j + 0 = 13. Let q = -6 + z. Calculate the remainder when q is divided by 3.
1
Let z(r) = -8*r + 7. Let f(i) = -i + 1. Let p(t) = -35*f(t) + 5*z(t). Let h be p(-4). Suppose 0*x - 2*x = -h. What is the remainder when x is divided by 6?
4
Suppose -2*f = -4*n - 8, -f + n = -5 + 4. Let a = -2 - f. Calculate the remainder when 0 - 8/(a - 2) is divided by 2.
0
Let z(s) = -21*s - 11. Let k(v) = 11*v + 6. Let d(h) = 5*k(h) + 3*z(h). What is the remainder when d(-4) is divided by ((-2)/(-2))/(2/20)?
9
Suppose 0 = -2*c - 10, -2*o + 72 = -4*c - 156. Calculate the remainder when o is divided by 21.
20
Suppose -13*n = -5*n - 584. Calculate the remainder when n is divided by 25.
23
Suppose 10*m - 245 = 5*m. Let j(s) = s + 2. What is the remainder when m is divided by j(11)?
10
Let i(y) = 7*y**2 - 4*y - 4. Let d(t) = -t**2 + t - 1. Let w(f) = 6*d(f) + i(f). Calculate the remainder when w(-9) is divided by 14.
11
Let w(i) = -i**2 + 8*i + 19. What is the remainder when 215 is divided by w(6)?
29
Suppose n = 4*m + 21, 5*n + 3*m = -0*m - 10. Calculate the remainder when (-32)/(-2)*n/2 is divided by 5.
3
Let f(h) be the first derivative of h**3/3 + 4*h**2 + h - 3. Let m be f(6). Let q = m - 57. Calculate the remainder when q is divided by 10.
8
Let t = 17 + -24. Let y = 16 + t. Calculate the remainder when 26 is divided by y.
8
Suppose 3*l = 2*z - 0 + 7, -l = 3*z - 17. Calculate the remainder when 34 + (z + -2 - 2) is divided by 12.
10
Suppose -4*d = -6 - 30. What is the remainder when 44 is divided by d?
8
Let n(t) = t**3 + 6*t**2 + 5*t - 4. Calculate the remainder when 45 is divided by n(-4).
5
Suppose 0*k + 15 = -k + 5*m, 0 = 4*m. Let p = 52 + k. What is the remainder when p is divided by 19?
18
Let u(q) = 2*q**2 - 7*q + 7. Suppose -12 - 11 = -x. Suppose 4*w = 4*a - 13 - x, 0 = a - 4*w - 21. Calculate the remainder when u(a) is divided by 12.
10
Let z be (-3)/2*(-12)/9. Let p = z + 10. What is the remainder when 33 is divided by p?
9
Let q(w) = -w**3 - 13*w**2 - 15*w + 19. Calculate the remainder when q(-13) is divided by 36.
34
Suppose -10 = -a + 50. Let o be (-2)/(-4)*-2 - -1. Suppose -c - 2*c + a = o. Calculate the remainder when c is divided by 7.
6
Suppose -2*l - 2*l + 168 = 0. Let u = -23 + l. Suppose 2*h + 251 = 3*c + 89, 0 = -c + 5*h + 41. What is the remainder when c is divided by u?
18
Suppose o = -5*c - 4*o + 5, 2*c + 4*o = 0. Let s = -4 + 11. Calculate the remainder when s is divided by c.
1
Let k(q) = -q**2 - 7*q - 3. Suppose 2*y = -3*y - 30. Calculate the remainder when k(y) is divided by 2.
1
Suppose -4*o - 2*i + 56 = 0, 5*o - 4*i - 94 = -11. Calculate the remainder when 99 is divided by o.
9
Calculate the remainder when (10/(-25))/(1/(-5)) is divided by 2.
0
What is the remainder when (131/4)/(30/24 - 1) is divided by 34?
29
Suppose 2*b = b - 3*m - 8, -5*b = 4*m - 15. What is the remainder when 27 is divided by b?
6
Let v(r) = -r**3 + 3*r**2 + 6*r - 6. Calculate the remainder when 58 is divided by v(3).
10
Suppose x + 4 + 6 = 5*u, -2*x = -4*u + 2. Suppose 17 = 2*f - 1. What is the remainder when f is divided by u?
0
Suppose 0 = -4*f - 5*u + 59, -2*u = 4*f + u - 53. Calculate the remainder when 21 is divided by f.
10
Suppose 29*t - 32*t = -237. Calculate the remainder when t is divided by 41.
38
Let j = -2 - -6. Let n = j + -6. What is the remainder when (1 + -3)/(n/25) is divided by 13?
12
Let v(s) = -2*s**2 + 33*s - 3. Let i(t) = -t**3 + 2*t**2 + 2*t + 3. What is the remainder when v(15) is divided by i(-2)?
12
Let g = 47 - 27. What is the remainder when 56 is divided by g?
16
Let t(a) = -7 + 16*a + 2 - 14*a. Calculate the remainder when 37 is divided by t(9).
11
Let d be 357/18 + (-3)/(-18). Suppose -w = 2*r - d, -35 = -5*r - 0*w + 5*w. Calculate the remainder when 26 is divided by r.
8
Let m(c) = -3*c + 160. Let z(d) = -2*d**3 + 3*d + 2. Calculate the remainder when m(46) is divided by z(-2).
10
Suppose -4*u - 18 = -2*g - 3*u, -39 = -5*g + 4*u. Calculate the remainder when 64 is divided by g.
9
Let u(w) = w**3 - 15*w**2 - 16*w + 19. What is the remainder when u(16) is divided by 6?
1
Let x(r) = -23*r**3 + 2*r**2 + r. What is the remainder when x(-1) is divided by (-3)/3 - (-70)/(-15)*-3?
11
Let i(l) = 180*l**3 + 1. What is the remainder when i(1) is divided by 46?
43
Suppose 0 = x - 4*x - r + 55, -5*r = 3*x - 59. Calculate the remainder when 122 is divided by x.
14
What is the remainder when -1*2 + (-3 - -26) is divided by (-2 - -2) + 10 - -2?
9
Let n(b) = b**3 + 9*b**2 - 8*b + 4. What is the remainder when n(-8) is divided by 45?
42
Let s = -1 - -5. Let j(x) = x + s - 3*x - x. Calculate the remainder when 24 is divided by j(-3).
11
Suppose -25 = -5*t, -t = 3*b - 4*t - 51. Calculate the remainder when 152 is divided by b.
20
Let y(u) = 12*u + 25. Calculate the remainder when y(7) is divided by 19.
14
Suppose -5*l - 26 = 3*z, -2*z = -3*l - z - 24. Let m = l + 20. Let r = 22 + 3. What is the remainder when r is divided by m?
12
Suppose -15 = s - 6*s. Suppose 0 = -r + 6*r + s*g - 105, -r + 21 = -g. Calculate the remainder when 62 is divided by r.
20
What is the remainder when 35 is divided by (-6)/14 + (-4)/(-28)*129?
17
Let z be 1 + -3 + 0 - -17. Let x = 42 + z. What is the remainder when x is divided by 20?
17
Suppose -3*n - 30 = -5*f + 2*n, f + 4*n = -4. Suppose 0 = 5*d - 3*d - f. Calculate the remainder when 2 is divided by d.
0
Let f(i) = -27*i - 27. Calculate the remainder when f(-10) is divided by 41.
38
Let s(d) = 14*d**2 - d. Let w = 4 + -3. Calculate the remainder when s(w) is divided by 7.
6
What is the remainder when 391/17 - 1/(-1) is divided by 17?
7
Let t = 3 - 1. Let b(p) = -p**2 + 5*p + 1. What is the remainder when b(3) is divided by t?
1
Suppose -2*h = -4*h + 22. Suppose -129 = -4*o - 45. What is the remainder when o is divided by h?
10
Suppose -7*f + 8 = -3*f. Suppose 3*i = -f*i - 5. What is the remainder when 18 is divided by (-29)/(-6) - i/6?
3
Suppose 14*z - 1754 = -662. What is the remainder when z is divided by 8?
6
Suppose 9 = 2*d + 5*s, 4*d = 5*s + 25 + 8. Calculate the remainder when d is divided by 3.
1
Let m(v) = -v**3 + 6*v**2 + 6*v - 9. Let b(h) = 2*h**2 + 4*h - 2. What is the remainder when m(6) is divided by b(-4)?
13
Suppose -5*f + 20 = 0, f + 3 = 3*u - 2*u. Calculate the remainder when 4 is divided by u/21 - (-8)/3.
1
Let k(j) = 5 - 2 - j**2 + 3*j + 1. Let z be k(5). Let t = z + 22. What is the remainder when t is divided by 9?
7
Let y be (3 + -1 + -1)/1. Suppose -3*c - 4*p - 3 = -y, -2*c = -5*p - 37. What is the remainder when 21 is divided by c?
3
Suppose 2*a = -2*a + 68. Let d = 3 + 47. Calculate the remainder when d is divided by a.
16
Suppose 3*s = 2*s + 11. Suppose 0 = 4*l - s - 1. Suppose 8*o - l*o = j + 123, o + 4*j = 12. Calculate the remainder when 46 is divided by o.
22
Suppose -355 = -5*t - 5*p, 2*p - 66 = 3*t - 4*t. What is the remainder when t is divided by 26?
24
Let j be 16/(-72) - 20/(-9). Suppose 0 = -v - k + j, -3*k - 5 + 2 = 0. Calculate t